{"id":385,"date":"2025-06-05T08:54:49","date_gmt":"2025-06-05T06:54:49","guid":{"rendered":"https:\/\/gruene-emmerich.de\/?page_id=385"},"modified":"2025-11-29T10:35:58","modified_gmt":"2025-11-29T09:35:58","slug":"aktuelles-2","status":"publish","type":"page","link":"https:\/\/gruene-emmerich.de\/?page_id=385","title":{"rendered":"Aktuelles"},"content":{"rendered":"\n<div class=\"wp-block-columns is-layout-flex wp-container-core-columns-is-layout-9d6595d7 wp-block-columns-is-layout-flex\">\n<div class=\"wp-block-column is-layout-flow wp-block-column-is-layout-flow\" style=\"flex-basis:100%\"><ul class=\"wp-block-latest-posts__list wp-block-latest-posts\"><li><div class=\"wp-block-latest-posts__featured-image alignleft\"><img loading=\"lazy\" decoding=\"async\" width=\"876\" height=\"662\" src=\"https:\/\/gruene-emmerich.de\/wp-content\/uploads\/sites\/284\/2026\/03\/Hermine-sw-1024x774.jpg\" class=\"attachment-large size-large wp-post-image\" alt=\"\" style=\"max-width:512px;max-height:512px;\" srcset=\"https:\/\/gruene-emmerich.de\/wp-content\/uploads\/sites\/284\/2026\/03\/Hermine-sw-1024x774.jpg 1024w, https:\/\/gruene-emmerich.de\/wp-content\/uploads\/sites\/284\/2026\/03\/Hermine-sw-300x227.jpg 300w, https:\/\/gruene-emmerich.de\/wp-content\/uploads\/sites\/284\/2026\/03\/Hermine-sw-768x580.jpg 768w, https:\/\/gruene-emmerich.de\/wp-content\/uploads\/sites\/284\/2026\/03\/Hermine-sw.jpg 1288w\" sizes=\"auto, (max-width: 876px) 100vw, 876px\" \/><\/div><a class=\"wp-block-latest-posts__post-title\" href=\"https:\/\/gruene-emmerich.de\/?p=628\">Wir trauern um unsere Freundin und unser Ratsmitglied Hermine Swhajor<\/a><div class=\"wp-block-latest-posts__post-excerpt\">Nachruf Mit Hermine verlieren wir eine engagierte Mitstreiterin, die sich mit viel Herzblut und Pflichtbewusstsein f\u00fcr die gr\u00fcnen Themen und f\u00fcr unsere Stadt bis zuletzt eingesetzt hat. Unser Mitgef\u00fchl gilt\u2026\u00a0<a class=\"wp-block-latest-posts__read-more\" href=\"https:\/\/gruene-emmerich.de\/?p=628\" rel=\"noopener noreferrer\"><span class=\"screen-reader-text\">Wir trauern um unsere Freundin und unser Ratsmitglied Hermine Swhajor <\/span>weiterlesen<\/a><\/div><\/li>\n<li><div class=\"wp-block-latest-posts__featured-image alignleft\"><img loading=\"lazy\" decoding=\"async\" width=\"876\" height=\"657\" src=\"https:\/\/gruene-emmerich.de\/wp-content\/uploads\/sites\/284\/2026\/02\/Haushaltsrede-2026-2027-1-1024x768.jpg\" class=\"attachment-large size-large wp-post-image\" alt=\"\" style=\"max-width:512px;max-height:512px;\" srcset=\"https:\/\/gruene-emmerich.de\/wp-content\/uploads\/sites\/284\/2026\/02\/Haushaltsrede-2026-2027-1-1024x768.jpg 1024w, https:\/\/gruene-emmerich.de\/wp-content\/uploads\/sites\/284\/2026\/02\/Haushaltsrede-2026-2027-1-300x225.jpg 300w, https:\/\/gruene-emmerich.de\/wp-content\/uploads\/sites\/284\/2026\/02\/Haushaltsrede-2026-2027-1-768x576.jpg 768w, https:\/\/gruene-emmerich.de\/wp-content\/uploads\/sites\/284\/2026\/02\/Haushaltsrede-2026-2027-1.jpg 1500w\" sizes=\"auto, (max-width: 876px) 100vw, 876px\" \/><\/div><a class=\"wp-block-latest-posts__post-title\" href=\"https:\/\/gruene-emmerich.de\/?p=617\">Haushaltsrede 2026\/2027<\/a><div class=\"wp-block-latest-posts__post-excerpt\">Sehr geehrte Frau B\u00fcrgermeisterin,&nbsp; werte Kolleginnen und Kollegen im Rat, werte G\u00e4ste, es ist f\u00fcnf vor zw\u00f6lf! Unser K\u00e4mmerer und unser Beigeordneter haben uns deutlich die alarmierende Zahlen vor Augen\u2026\u00a0<a class=\"wp-block-latest-posts__read-more\" href=\"https:\/\/gruene-emmerich.de\/?p=617\" rel=\"noopener noreferrer\"><span class=\"screen-reader-text\">Haushaltsrede 2026\/2027 <\/span>weiterlesen<\/a><\/div><\/li>\n<li><div class=\"wp-block-latest-posts__featured-image alignleft\"><img loading=\"lazy\" decoding=\"async\" width=\"876\" height=\"657\" src=\"https:\/\/gruene-emmerich.de\/wp-content\/uploads\/sites\/284\/2025\/11\/30kmh-1024x768.jpg\" class=\"attachment-large size-large wp-post-image\" alt=\"\" style=\"max-width:512px;max-height:512px;\" srcset=\"https:\/\/gruene-emmerich.de\/wp-content\/uploads\/sites\/284\/2025\/11\/30kmh-1024x768.jpg 1024w, https:\/\/gruene-emmerich.de\/wp-content\/uploads\/sites\/284\/2025\/11\/30kmh-300x225.jpg 300w, https:\/\/gruene-emmerich.de\/wp-content\/uploads\/sites\/284\/2025\/11\/30kmh-768x576.jpg 768w, https:\/\/gruene-emmerich.de\/wp-content\/uploads\/sites\/284\/2025\/11\/30kmh-1536x1152.jpg 1536w, https:\/\/gruene-emmerich.de\/wp-content\/uploads\/sites\/284\/2025\/11\/30kmh-2048x1536.jpg 2048w\" sizes=\"auto, (max-width: 876px) 100vw, 876px\" \/><\/div><a class=\"wp-block-latest-posts__post-title\" href=\"https:\/\/gruene-emmerich.de\/?p=594\">Tempo 30 in der Emmericher Innenstadt &#8211; f\u00fcr mehr Sicherheit und Lebensqualit\u00e4t<\/a><div class=\"wp-block-latest-posts__post-excerpt\">Die Emmericher Innenstadt soll ein Ort sein, an dem sich alle Menschen sicher und entspannt bewegen k\u00f6nnen \u2013 zu Fu\u00df, mit dem Rad, mit dem Rollstuhl oder im Auto. Doch\u2026\u00a0<a class=\"wp-block-latest-posts__read-more\" href=\"https:\/\/gruene-emmerich.de\/?p=594\" rel=\"noopener noreferrer\"><span class=\"screen-reader-text\">Tempo 30 in der Emmericher Innenstadt &#8211; f\u00fcr mehr Sicherheit und Lebensqualit\u00e4t <\/span>weiterlesen<\/a><\/div><\/li>\n<li><div class=\"wp-block-latest-posts__featured-image alignleft\"><img loading=\"lazy\" decoding=\"async\" width=\"876\" height=\"493\" src=\"https:\/\/gruene-emmerich.de\/wp-content\/uploads\/sites\/284\/2025\/09\/marek-lumi-G2Ahdf1j0nw-unsplash-1024x576.jpg\" class=\"attachment-large size-large wp-post-image\" alt=\"\" style=\"max-width:512px;max-height:512px;\" srcset=\"https:\/\/gruene-emmerich.de\/wp-content\/uploads\/sites\/284\/2025\/09\/marek-lumi-G2Ahdf1j0nw-unsplash-1024x576.jpg 1024w, https:\/\/gruene-emmerich.de\/wp-content\/uploads\/sites\/284\/2025\/09\/marek-lumi-G2Ahdf1j0nw-unsplash-300x169.jpg 300w, https:\/\/gruene-emmerich.de\/wp-content\/uploads\/sites\/284\/2025\/09\/marek-lumi-G2Ahdf1j0nw-unsplash-768x432.jpg 768w, https:\/\/gruene-emmerich.de\/wp-content\/uploads\/sites\/284\/2025\/09\/marek-lumi-G2Ahdf1j0nw-unsplash-1536x864.jpg 1536w, https:\/\/gruene-emmerich.de\/wp-content\/uploads\/sites\/284\/2025\/09\/marek-lumi-G2Ahdf1j0nw-unsplash-2048x1152.jpg 2048w\" sizes=\"auto, (max-width: 876px) 100vw, 876px\" \/><\/div><a class=\"wp-block-latest-posts__post-title\" href=\"https:\/\/gruene-emmerich.de\/?p=558\">Mehr Gr\u00fcn und Aufenthaltsqualit\u00e4t f\u00fcr Emmerichs Innenstadt<\/a><div class=\"wp-block-latest-posts__post-excerpt\">Die Emmericher Innenstadt ist an vielen Stellen stark versiegelt &#8211; viel Asphalt, wenig Gr\u00fcn. Gerade im Sommer bedeutet das Hitze, wenig Schatten und eine Aufenthaltsqualit\u00e4t, die besser sein k\u00f6nnte. Damit\u2026\u00a0<a class=\"wp-block-latest-posts__read-more\" href=\"https:\/\/gruene-emmerich.de\/?p=558\" rel=\"noopener noreferrer\"><span class=\"screen-reader-text\">Mehr Gr\u00fcn und Aufenthaltsqualit\u00e4t f\u00fcr Emmerichs Innenstadt <\/span>weiterlesen<\/a><\/div><\/li>\n<li><div class=\"wp-block-latest-posts__featured-image alignleft\"><img loading=\"lazy\" decoding=\"async\" width=\"876\" height=\"585\" src=\"https:\/\/gruene-emmerich.de\/wp-content\/uploads\/sites\/284\/2025\/08\/nathan-anderson-FHiJWoBodrs-unsplash-1024x684.jpg\" class=\"attachment-large size-large wp-post-image\" alt=\"\" style=\"max-width:512px;max-height:512px;\" srcset=\"https:\/\/gruene-emmerich.de\/wp-content\/uploads\/sites\/284\/2025\/08\/nathan-anderson-FHiJWoBodrs-unsplash-1024x684.jpg 1024w, https:\/\/gruene-emmerich.de\/wp-content\/uploads\/sites\/284\/2025\/08\/nathan-anderson-FHiJWoBodrs-unsplash-300x200.jpg 300w, https:\/\/gruene-emmerich.de\/wp-content\/uploads\/sites\/284\/2025\/08\/nathan-anderson-FHiJWoBodrs-unsplash-768x513.jpg 768w, https:\/\/gruene-emmerich.de\/wp-content\/uploads\/sites\/284\/2025\/08\/nathan-anderson-FHiJWoBodrs-unsplash-1536x1025.jpg 1536w, https:\/\/gruene-emmerich.de\/wp-content\/uploads\/sites\/284\/2025\/08\/nathan-anderson-FHiJWoBodrs-unsplash-2048x1367.jpg 2048w\" sizes=\"auto, (max-width: 876px) 100vw, 876px\" \/><\/div><a class=\"wp-block-latest-posts__post-title\" href=\"https:\/\/gruene-emmerich.de\/?p=549\">Antrag im Rat: F\u00fcr den Erhalt des Freizeittreffs f\u00fcr Menschen mit Handicap<\/a><div class=\"wp-block-latest-posts__post-excerpt\">Wir haben im Rat der Stadt Emmerich einen Antrag gestellt, damit die Freizeittreffs f\u00fcr Menschen mit Handicap auch weiterhin bleiben. Hintergrund ist, dass die Lebenshilfe in Rees und Emmerich angek\u00fcndigt\u2026\u00a0<a class=\"wp-block-latest-posts__read-more\" href=\"https:\/\/gruene-emmerich.de\/?p=549\" rel=\"noopener noreferrer\"><span class=\"screen-reader-text\">Antrag im Rat: F\u00fcr den Erhalt des Freizeittreffs f\u00fcr Menschen mit Handicap <\/span>weiterlesen<\/a><\/div><\/li>\n<li><div class=\"wp-block-latest-posts__featured-image alignleft\"><img loading=\"lazy\" decoding=\"async\" width=\"876\" height=\"657\" src=\"https:\/\/gruene-emmerich.de\/wp-content\/uploads\/sites\/284\/2025\/08\/threema-20250804-110740432.jpg\" class=\"attachment-large size-large wp-post-image\" alt=\"\" style=\"max-width:512px;max-height:512px;\" srcset=\"https:\/\/gruene-emmerich.de\/wp-content\/uploads\/sites\/284\/2025\/08\/threema-20250804-110740432.jpg 1024w, https:\/\/gruene-emmerich.de\/wp-content\/uploads\/sites\/284\/2025\/08\/threema-20250804-110740432-300x225.jpg 300w, https:\/\/gruene-emmerich.de\/wp-content\/uploads\/sites\/284\/2025\/08\/threema-20250804-110740432-768x576.jpg 768w\" sizes=\"auto, (max-width: 876px) 100vw, 876px\" \/><\/div><a class=\"wp-block-latest-posts__post-title\" href=\"https:\/\/gruene-emmerich.de\/?p=546\">Gr\u00fcne Fietstour durch Emmerich<\/a><div class=\"wp-block-latest-posts__post-excerpt\">Viele B\u00fcrger:innen folgten unserer Einladung zur gr\u00fcnen Fietstour \u2013 gemeinsam mit dem Landtagsabgeordneten Volkhard Wille und Oliver Reinders vom ADFC. Ziel war es, Emmerich aus der Perspektive der Radfahrer:innen zu\u2026\u00a0<a class=\"wp-block-latest-posts__read-more\" href=\"https:\/\/gruene-emmerich.de\/?p=546\" rel=\"noopener noreferrer\"><span class=\"screen-reader-text\">Gr\u00fcne Fietstour durch Emmerich <\/span>weiterlesen<\/a><\/div><\/li>\n<li><div class=\"wp-block-latest-posts__featured-image alignleft\"><img loading=\"lazy\" decoding=\"async\" width=\"876\" height=\"584\" src=\"https:\/\/gruene-emmerich.de\/wp-content\/uploads\/sites\/284\/2025\/08\/mika-baumeister-26KAtlj00sc-unsplash-1024x683.jpg\" class=\"attachment-large size-large wp-post-image\" alt=\"\" style=\"max-width:512px;max-height:512px;\" srcset=\"https:\/\/gruene-emmerich.de\/wp-content\/uploads\/sites\/284\/2025\/08\/mika-baumeister-26KAtlj00sc-unsplash-1024x683.jpg 1024w, https:\/\/gruene-emmerich.de\/wp-content\/uploads\/sites\/284\/2025\/08\/mika-baumeister-26KAtlj00sc-unsplash-300x200.jpg 300w, https:\/\/gruene-emmerich.de\/wp-content\/uploads\/sites\/284\/2025\/08\/mika-baumeister-26KAtlj00sc-unsplash-768x512.jpg 768w, https:\/\/gruene-emmerich.de\/wp-content\/uploads\/sites\/284\/2025\/08\/mika-baumeister-26KAtlj00sc-unsplash-1536x1024.jpg 1536w, https:\/\/gruene-emmerich.de\/wp-content\/uploads\/sites\/284\/2025\/08\/mika-baumeister-26KAtlj00sc-unsplash-2048x1365.jpg 2048w\" sizes=\"auto, (max-width: 876px) 100vw, 876px\" \/><\/div><a class=\"wp-block-latest-posts__post-title\" href=\"https:\/\/gruene-emmerich.de\/?p=543\">Gr\u00fcne Position zur B\u00fcrgermeisterwahl in Emmerich<\/a><div class=\"wp-block-latest-posts__post-excerpt\">Der Ortsverband B\u00fcndnis 90\/DIE GR\u00dcNEN hat sich in einer Umfrage mit gro\u00dfer Mehrheit daf\u00fcr ausgesprochen, die Wahl von Meike Schnake-Rupp zur B\u00fcrgermeisterin zu empfehlen. Emmerich am Rhein soll stark beim\u2026\u00a0<a class=\"wp-block-latest-posts__read-more\" href=\"https:\/\/gruene-emmerich.de\/?p=543\" rel=\"noopener noreferrer\"><span class=\"screen-reader-text\">Gr\u00fcne Position zur B\u00fcrgermeisterwahl in Emmerich <\/span>weiterlesen<\/a><\/div><\/li>\n<li><div class=\"wp-block-latest-posts__featured-image alignleft\"><img loading=\"lazy\" decoding=\"async\" width=\"876\" height=\"584\" src=\"https:\/\/gruene-emmerich.de\/wp-content\/uploads\/sites\/284\/2025\/07\/Tafel-1024x683.jpg\" class=\"attachment-large size-large wp-post-image\" alt=\"\" style=\"max-width:512px;max-height:512px;\" srcset=\"https:\/\/gruene-emmerich.de\/wp-content\/uploads\/sites\/284\/2025\/07\/Tafel-1024x683.jpg 1024w, https:\/\/gruene-emmerich.de\/wp-content\/uploads\/sites\/284\/2025\/07\/Tafel-300x200.jpg 300w, https:\/\/gruene-emmerich.de\/wp-content\/uploads\/sites\/284\/2025\/07\/Tafel-768x512.jpg 768w, https:\/\/gruene-emmerich.de\/wp-content\/uploads\/sites\/284\/2025\/07\/Tafel-1536x1024.jpg 1536w, https:\/\/gruene-emmerich.de\/wp-content\/uploads\/sites\/284\/2025\/07\/Tafel-2048x1365.jpg 2048w\" sizes=\"auto, (max-width: 876px) 100vw, 876px\" \/><\/div><a class=\"wp-block-latest-posts__post-title\" href=\"https:\/\/gruene-emmerich.de\/?p=527\">Stellungnahme des Teams &#8222;Mittagstisch&#8220; zu Behauptungen der AFD in ihrem Flyer zur Kommunalwahl<\/a><div class=\"wp-block-latest-posts__post-excerpt\">Mit Best\u00fcrzung haben wir als ehrenamtliche Mitarbeiter*innen vom \u201eMittagstisch\u201c in ihrem Wahlflyer gelesen: \u201eArbeitspflicht f\u00fcr Fl\u00fcchtlinge: Tafelmissbrauch beenden.\u201c Der B\u00fcrgermeisterkandidat der AfD in Emmerich fordert in dem von ihm und\u2026\u00a0<a class=\"wp-block-latest-posts__read-more\" href=\"https:\/\/gruene-emmerich.de\/?p=527\" rel=\"noopener noreferrer\"><span class=\"screen-reader-text\">Stellungnahme des Teams &#8222;Mittagstisch&#8220; zu Behauptungen der AFD in ihrem Flyer zur Kommunalwahl <\/span>weiterlesen<\/a><\/div><\/li>\n<li><div class=\"wp-block-latest-posts__featured-image alignleft\"><img loading=\"lazy\" decoding=\"async\" width=\"876\" height=\"755\" src=\"https:\/\/gruene-emmerich.de\/wp-content\/uploads\/sites\/284\/2025\/07\/IMG_1314-scaled-e1753357950861-1024x883.jpg\" class=\"attachment-large size-large wp-post-image\" alt=\"\" style=\"max-width:512px;max-height:512px;\" srcset=\"https:\/\/gruene-emmerich.de\/wp-content\/uploads\/sites\/284\/2025\/07\/IMG_1314-scaled-e1753357950861-1024x883.jpg 1024w, https:\/\/gruene-emmerich.de\/wp-content\/uploads\/sites\/284\/2025\/07\/IMG_1314-scaled-e1753357950861-300x259.jpg 300w, https:\/\/gruene-emmerich.de\/wp-content\/uploads\/sites\/284\/2025\/07\/IMG_1314-scaled-e1753357950861-768x662.jpg 768w, https:\/\/gruene-emmerich.de\/wp-content\/uploads\/sites\/284\/2025\/07\/IMG_1314-scaled-e1753357950861-1536x1324.jpg 1536w, https:\/\/gruene-emmerich.de\/wp-content\/uploads\/sites\/284\/2025\/07\/IMG_1314-scaled-e1753357950861.jpg 1920w\" sizes=\"auto, (max-width: 876px) 100vw, 876px\" \/><\/div><a class=\"wp-block-latest-posts__post-title\" href=\"https:\/\/gruene-emmerich.de\/?p=533\">Besuch bei den Emmericher Landwirten<\/a><div class=\"wp-block-latest-posts__post-excerpt\">Die Fraktion B\u00fcndnis90\/DIE GR\u00dcNEN&nbsp;&nbsp;setzte ihren Meinungsaustausch mit den LandwirtInnen aus Emmerich am Rhein fort und besuchte den Hof von Oliver Bollwerk. Nach einer sehr informativen F\u00fchrung \u00fcber den Hof wurde\u2026\u00a0<a class=\"wp-block-latest-posts__read-more\" href=\"https:\/\/gruene-emmerich.de\/?p=533\" rel=\"noopener noreferrer\"><span class=\"screen-reader-text\">Besuch bei den Emmericher Landwirten <\/span>weiterlesen<\/a><\/div><\/li>\n<li><div class=\"wp-block-latest-posts__featured-image alignleft\"><img loading=\"lazy\" decoding=\"async\" width=\"876\" height=\"657\" src=\"https:\/\/gruene-emmerich.de\/wp-content\/uploads\/sites\/284\/2025\/06\/16797731-524f-4fac-af71-966aef6e9990-1024x768.jpeg\" class=\"attachment-large size-large wp-post-image\" alt=\"\" style=\"max-width:512px;max-height:512px;\" srcset=\"https:\/\/gruene-emmerich.de\/wp-content\/uploads\/sites\/284\/2025\/06\/16797731-524f-4fac-af71-966aef6e9990-1024x768.jpeg 1024w, https:\/\/gruene-emmerich.de\/wp-content\/uploads\/sites\/284\/2025\/06\/16797731-524f-4fac-af71-966aef6e9990-300x225.jpeg 300w, https:\/\/gruene-emmerich.de\/wp-content\/uploads\/sites\/284\/2025\/06\/16797731-524f-4fac-af71-966aef6e9990-768x576.jpeg 768w, https:\/\/gruene-emmerich.de\/wp-content\/uploads\/sites\/284\/2025\/06\/16797731-524f-4fac-af71-966aef6e9990-1536x1152.jpeg 1536w, https:\/\/gruene-emmerich.de\/wp-content\/uploads\/sites\/284\/2025\/06\/16797731-524f-4fac-af71-966aef6e9990.jpeg 1600w\" sizes=\"auto, (max-width: 876px) 100vw, 876px\" \/><\/div><a class=\"wp-block-latest-posts__post-title\" href=\"https:\/\/gruene-emmerich.de\/?p=367\">Emmericher Gr\u00fcne im Austausch mit den Stadtwerken<\/a><div class=\"wp-block-latest-posts__post-excerpt\">Wasserstoff als Schl\u00fcssel f\u00fcr eine nachhaltige Energiezukunft Am Montag, den 26. Mai 2025, traf sich unsere Fraktion von\u00a0B\u00fcndnis 90\/Die Gr\u00fcnen Emmerich\u00a0mit dem Vorstand der\u00a0Stadtwerke Emmerich. Ziel des Treffens war ein\u2026\u00a0<a class=\"wp-block-latest-posts__read-more\" href=\"https:\/\/gruene-emmerich.de\/?p=367\" rel=\"noopener noreferrer\"><span class=\"screen-reader-text\">Emmericher Gr\u00fcne im Austausch mit den Stadtwerken <\/span>weiterlesen<\/a><\/div><\/li>\n<li><div class=\"wp-block-latest-posts__featured-image alignleft\"><img loading=\"lazy\" decoding=\"async\" width=\"876\" height=\"565\" src=\"https:\/\/gruene-emmerich.de\/wp-content\/uploads\/sites\/284\/2025\/05\/Workshop-1024x660.jpg\" class=\"attachment-large size-large wp-post-image\" alt=\"\" style=\"max-width:512px;max-height:512px;\" srcset=\"https:\/\/gruene-emmerich.de\/wp-content\/uploads\/sites\/284\/2025\/05\/Workshop-1024x660.jpg 1024w, https:\/\/gruene-emmerich.de\/wp-content\/uploads\/sites\/284\/2025\/05\/Workshop-300x193.jpg 300w, https:\/\/gruene-emmerich.de\/wp-content\/uploads\/sites\/284\/2025\/05\/Workshop-768x495.jpg 768w, https:\/\/gruene-emmerich.de\/wp-content\/uploads\/sites\/284\/2025\/05\/Workshop-1536x989.jpg 1536w, https:\/\/gruene-emmerich.de\/wp-content\/uploads\/sites\/284\/2025\/05\/Workshop-2048x1319.jpg 2048w\" sizes=\"auto, (max-width: 876px) 100vw, 876px\" \/><\/div><a class=\"wp-block-latest-posts__post-title\" href=\"https:\/\/gruene-emmerich.de\/?p=295\">Workshop zur Kommunalwahl<\/a><div class=\"wp-block-latest-posts__post-excerpt\">Am 08. M\u00e4rz 2025 treffen wir uns um 11.00 Uhr &#8222;im Raben&#8220; zu einem gemeinsamen Workshop um die Themen f\u00fcr die anstehende Kommunalwahl zu erarbeiten. Alle Mitglieder und Interessierte, die\u2026\u00a0<a class=\"wp-block-latest-posts__read-more\" href=\"https:\/\/gruene-emmerich.de\/?p=295\" rel=\"noopener noreferrer\"><span class=\"screen-reader-text\">Workshop zur Kommunalwahl <\/span>weiterlesen<\/a><\/div><\/li>\n<li><div class=\"wp-block-latest-posts__featured-image alignleft\"><img loading=\"lazy\" decoding=\"async\" width=\"876\" height=\"493\" src=\"https:\/\/gruene-emmerich.de\/wp-content\/uploads\/sites\/284\/2025\/05\/Gruene-Presse-04-25-1024x576.jpg\" class=\"attachment-large size-large wp-post-image\" alt=\"\" style=\"max-width:512px;max-height:512px;\" srcset=\"https:\/\/gruene-emmerich.de\/wp-content\/uploads\/sites\/284\/2025\/05\/Gruene-Presse-04-25-1024x576.jpg 1024w, https:\/\/gruene-emmerich.de\/wp-content\/uploads\/sites\/284\/2025\/05\/Gruene-Presse-04-25-300x169.jpg 300w, https:\/\/gruene-emmerich.de\/wp-content\/uploads\/sites\/284\/2025\/05\/Gruene-Presse-04-25-768x432.jpg 768w, https:\/\/gruene-emmerich.de\/wp-content\/uploads\/sites\/284\/2025\/05\/Gruene-Presse-04-25-1536x864.jpg 1536w, https:\/\/gruene-emmerich.de\/wp-content\/uploads\/sites\/284\/2025\/05\/Gruene-Presse-04-25-2048x1152.jpg 2048w\" sizes=\"auto, (max-width: 876px) 100vw, 876px\" \/><\/div><a class=\"wp-block-latest-posts__post-title\" href=\"https:\/\/gruene-emmerich.de\/?p=325\">Wahlversammlung Kommunalwahl 2025<\/a><div class=\"wp-block-latest-posts__post-excerpt\">GR\u00dcNE w\u00e4hlten Ratsliste \u2013 Alte Hasen und frische K\u00f6pfe f\u00fcr Emmerich Emmerich, 26. Mai 2025 \u2013 Am vergangenen Samstag fand die Aufstellungsversammlung der GR\u00dcNEN Emmerich zur Kommunalwahl am 14. September\u2026\u00a0<a class=\"wp-block-latest-posts__read-more\" href=\"https:\/\/gruene-emmerich.de\/?p=325\" rel=\"noopener noreferrer\"><span class=\"screen-reader-text\">Wahlversammlung Kommunalwahl 2025 <\/span>weiterlesen<\/a><\/div><\/li>\n<li><div class=\"wp-block-latest-posts__featured-image alignleft\"><img loading=\"lazy\" decoding=\"async\" width=\"876\" height=\"668\" src=\"https:\/\/gruene-emmerich.de\/wp-content\/uploads\/sites\/284\/2025\/05\/Gruene-2025-43-von-54-scaled-e1748249566296-1024x781.jpg\" class=\"attachment-large size-large wp-post-image\" alt=\"\" style=\"max-width:512px;max-height:512px;\" srcset=\"https:\/\/gruene-emmerich.de\/wp-content\/uploads\/sites\/284\/2025\/05\/Gruene-2025-43-von-54-scaled-e1748249566296-1024x781.jpg 1024w, https:\/\/gruene-emmerich.de\/wp-content\/uploads\/sites\/284\/2025\/05\/Gruene-2025-43-von-54-scaled-e1748249566296-300x229.jpg 300w, https:\/\/gruene-emmerich.de\/wp-content\/uploads\/sites\/284\/2025\/05\/Gruene-2025-43-von-54-scaled-e1748249566296-768x586.jpg 768w, https:\/\/gruene-emmerich.de\/wp-content\/uploads\/sites\/284\/2025\/05\/Gruene-2025-43-von-54-scaled-e1748249566296-1536x1172.jpg 1536w, https:\/\/gruene-emmerich.de\/wp-content\/uploads\/sites\/284\/2025\/05\/Gruene-2025-43-von-54-scaled-e1748249566296.jpg 1728w\" sizes=\"auto, (max-width: 876px) 100vw, 876px\" \/><\/div><a class=\"wp-block-latest-posts__post-title\" href=\"https:\/\/gruene-emmerich.de\/?p=97\">Alexander Pooth ist neuer Sprecher<\/a><div class=\"wp-block-latest-posts__post-excerpt\">W\u00e4hrend der Mitgliederversammlung des Emmerich Ortsverbandes trat Herbert Kaiser, langj\u00e4hriger Sprecher der B\u00fcndnis 90\/Die Gr\u00fcnen in Emmerich am Rhein zur\u00fcck. Wir danken Herbert f\u00fcr seien unerm\u00fcdlichen Einsatz f\u00fcr unseren Ortsverband.\u2026\u00a0<a class=\"wp-block-latest-posts__read-more\" href=\"https:\/\/gruene-emmerich.de\/?p=97\" rel=\"noopener noreferrer\"><span class=\"screen-reader-text\">Alexander Pooth ist neuer Sprecher <\/span>weiterlesen<\/a><\/div><\/li>\n<\/ul><\/div>\n<\/div>\n","protected":false},"excerpt":{"rendered":"","protected":false},"author":618,"featured_media":0,"parent":0,"menu_order":0,"comment_status":"closed","ping_status":"closed","template":"","meta":{"footnotes":""},"class_list":["post-385","page","type-page","status-publish","hentry"],"_links":{"self":[{"href":"https:\/\/gruene-emmerich.de\/index.php?rest_route=\/wp\/v2\/pages\/385","targetHints":{"allow":["GET"]}}],"collection":[{"href":"https:\/\/gruene-emmerich.de\/index.php?rest_route=\/wp\/v2\/pages"}],"about":[{"href":"https:\/\/gruene-emmerich.de\/index.php?rest_route=\/wp\/v2\/types\/page"}],"author":[{"embeddable":true,"href":"https:\/\/gruene-emmerich.de\/index.php?rest_route=\/wp\/v2\/users\/618"}],"replies":[{"embeddable":true,"href":"https:\/\/gruene-emmerich.de\/index.php?rest_route=%2Fwp%2Fv2%2Fcomments&post=385"}],"version-history":[{"count":2,"href":"https:\/\/gruene-emmerich.de\/index.php?rest_route=\/wp\/v2\/pages\/385\/revisions"}],"predecessor-version":[{"id":387,"href":"https:\/\/gruene-emmerich.de\/index.php?rest_route=\/wp\/v2\/pages\/385\/revisions\/387"}],"wp:attachment":[{"href":"https:\/\/gruene-emmerich.de\/index.php?rest_route=%2Fwp%2Fv2%2Fmedia&parent=385"}],"curies":[{"name":"wp","href":"https:\/\/api.w.org\/{rel}","templated":true}]}}